et n = -892 + 1339. Suppose -846 = -5*r - s, -393 = -5*r + 5*s + n. What are the prime factors of r?
13
Let s be (491/4)/(232/32 + -7). Suppose -10*p + s = -2539. What are the prime factors of p?
3, 101
Let s be (-195)/(-117)*(-1 + 4). Suppose 0 = -3*x - s*x + 2008. List the prime factors of x.
251
Let l(f) = 7*f - 28. Let i be l(5). Suppose -313 = -i*b + 912. Suppose 77 + b = 4*p. List the prime factors of p.
3, 7
Suppose 28*i - 20*i - 168483 = 164037. List the prime factors of i.
3, 5, 17, 163
Suppose -20 = 2*s + 3*n - 165, -3*n = 15. Let m be ((-246)/(-10))/(8/s). Let d = -173 + m. List the prime factors of d.
73
Let v be 1*-13*(2 - 4). Suppose -11*q + 14*q = 4*k - 76, 0 = -q - k - 16. Let w = v - q. List the prime factors of w.
2, 23
Suppose 0 = -3*g + 103*c - 105*c + 3203, 5*c = -5*g + 5345. What are the prime factors of g?
3, 5, 71
List the prime factors of 1306 + (4/(-10))/((-9)/(-90)).
2, 3, 7, 31
Let w be (12/(-18))/(4/(-5622)) + 3. Let i = w - 610. Suppose -i = -5*y - q, -q = -3*y - 0*q + 198. What are the prime factors of y?
2, 3, 11
Suppose 38*f + 13*f - 44471 = 656983. What are the prime factors of f?
2, 13, 23
Suppose 384*o + 68 = 386*o. Let u = 6 + o. What are the prime factors of u?
2, 5
Let x = 189 - 168. Suppose x*q - 47257 = -22*q. List the prime factors of q.
7, 157
Suppose 15*m = 66260 + 84310. What are the prime factors of m?
2, 3, 7, 239
Let n(k) = k**3 - k**2 - k + 1. Let j(g) = -7*g**3 + 9*g. Let x(t) = j(t) + 6*n(t). Let f = 65 + -72. What are the prime factors of x(f)?
2, 17
Let g(l) = -10*l + 27. Suppose 2*b = -3*x + 21, -21 = -7*x + 4*x + 5*b. Let y(r) = -9*r + 28. Let m(k) = x*g(k) - 6*y(k). What are the prime factors of m(-7)?
7, 19
Let f = 1306 + 8635. List the prime factors of f.
9941
Let p be 3 - 94/30 - 2/(-15). Suppose z + s - 338 = p, 0 = -4*z - 3*s + 115 + 1235. What are the prime factors of z?
2, 3, 7
Suppose 0 = -306*u + 298*u + 40. Suppose -1464 = -4*z - 4*y, -2*z + 1072 = u*y + 337. What are the prime factors of z?
5, 73
Suppose -20*d + 2885 + 3866 = -13809. What are the prime factors of d?
2, 257
Suppose -5*l + 4005 = 5*w, -5*l + 11*w = 7*w - 3978. What are the prime factors of l?
2, 3, 7, 19
Let q = -2582 + 5501. Suppose q = 28*t - 23093. List the prime factors of t.
929
Let o = -231 + 285. Suppose o*q - 68*q = -5012. What are the prime factors of q?
2, 179
Suppose 14*i - 15 = 55. Suppose s = -y + i, -2*s + 0*s + 3*y = 0. Suppose -5*l - 543 = -s*p - p, -4*p + 522 = 2*l. What are the prime factors of p?
2, 3, 11
Let t(n) = -41*n**3 + 4*n**2 - 5*n + 1. Let s be t(2). What are the prime factors of s*(2 + (-96)/18)?
2, 5, 107
Suppose -19*c + 10*c + 252 = 0. List the prime factors of c/(6*(-1)/(-252)).
2, 3, 7
Let a = 85373 - 50203. What are the prime factors of a?
2, 5, 3517
Let w = -1468 + 2076. Let t = w - 56. List the prime factors of t.
2, 3, 23
Let x(f) be the first derivative of 3*f**3 - 2*f**2 + 4*f - 23. Let p be x(1). Suppose p*d - 41 = 8*d. List the prime factors of d.
41
Let i = 384 + -396. What are the prime factors of (-16)/i*(-25449)/(-34)?
2, 499
Suppose 3*g = -3 - 6. List the prime factors of 1342 - (-10 + 7 - g).
2, 11, 61
Let u be 0/(-1) + (1 - (2 + -1)). Suppose u = -9*w + 421 + 182. Suppose 5*i + w = 6*i. What are the prime factors of i?
67
Let l(c) = -5*c**3 - 104*c**2 + 52*c - 115. What are the prime factors of l(-26)?
89, 181
Let g be ((0 - -4) + 280/(-80))*34. Let l(q) = q**3 - 5*q**2 + 4. Let n be l(5). Suppose 36 = 4*b + n*a, -3*b - 4*a + g = -13. List the prime factors of b.
2, 3
Let c = 26169 + -12774. What are the prime factors of c?
3, 5, 19, 47
Let z be ((-14)/(-8))/(48/576). Let g(t) = -t**3 + 24*t**2 - 21*t - 36. What are the prime factors of g(z)?
2, 3, 47
Let v(l) = 6283*l + 62. What are the prime factors of v(3)?
18911
Suppose 0 = 5*d + 6*u - 2*u - 43612, -15*d + 130791 = -3*u. List the prime factors of d.
2, 5, 109
What are the prime factors of 549/13176 + (-517847)/(-24)?
21577
Let b = 729 - 1331. Let m = -245 - b. List the prime factors of m.
3, 7, 17
Suppose 0 = 55*s - 126 - 259. What are the prime factors of (3 + 476)*s*(-2)/(-7)?
2, 479
Let j be 10/(-2)*-2 + -4. Suppose 4*m = j*m + 6. List the prime factors of ((-3 - -3) + m)*-9.
3
Suppose 5*s + 0*u - 42795 = 4*u, -5*u - 34236 = -4*s. List the prime factors of s.
3, 317
Let y(v) = 110*v + 10. Suppose 3*j = 32 - 23. List the prime factors of y(j).
2, 5, 17
Suppose 165*p - 162*p = 234. Let x = 184 + -110. Let m = p - x. List the prime factors of m.
2
Let z(u) = u**3 - 5*u**2 + 2. Let m be z(5). Let s be (-64)/24*(-180)/8. Suppose -4*o - s = -m*v + 10, -3*v + 3*o = -102. List the prime factors of v.
3, 11
What are the prime factors of (10 + 0)/2 + 4 + -3 + 27715?
19, 1459
Let m(z) = 2*z**2 - 5*z + 3. Suppose 34 + 14 = -6*x. Let q be x - 2/3*(-45)/10. What are the prime factors of m(q)?
2, 3, 13
Let g = 1963 - 979. Suppose -4*w + 2*p - g = 132, 4*w + 1116 = 4*p. List the prime factors of (-8)/2 - (1 + w)/1.
2, 137
Let x(a) = a**2 + 4*a + 7. Let f be x(-3). Suppose 1 = -z + f. Suppose -z*t + 143 = 11. What are the prime factors of t?
2, 11
Let x(n) = -n**3 + 14*n**2 - 4*n - 10. Suppose 3*t - 5*z + z - 24 = 0, 2*t - 36 = -4*z. What are the prime factors of x(t)?
2, 5, 23
Let k(b) = 2*b**2. Let s(x) = x**2 - x - 3. Let a be s(2). Let c be k(a). Suppose -3*d = -2*d - u - 133, -c*d + 263 = -u. What are the prime factors of d?
2, 5, 13
Suppose 2*v = -3*m + 15849, 6*m - 4*v = 5*m + 5297. What are the prime factors of m?
5, 7, 151
Suppose -3*v - 1309344 = -35*v. List the prime factors of v.
3, 23, 593
Let l be ((-18)/(-4))/((306/(-48))/(-17)). Suppose 3*o = -l*o + 4545. What are the prime factors of o?
3, 101
Let f(s) = -s**3 - 10*s**2 - 41*s - 512. List the prime factors of f(-42).
2, 127, 227
Suppose -24*i + 32245 + 25547 = 0. List the prime factors of i.
2, 7, 43
Suppose 5*j - 22 = -2*b, 0*j + 16 = 3*j + 4*b. List the prime factors of ((-2 - -28) + j)*41.
2, 3, 5, 41
Let p = -156 + 131. List the prime factors of (p/(-100))/(1/196).
7
Let j(v) = -32*v + 30. Let d be 0/2 - (17 + 2). Let t be j(d). Let o = t - 431. What are the prime factors of o?
3, 23
Suppose -116332 = 110*m - 112*m + h, -m - 3*h = -58159. What are the prime factors of m?
5, 11633
Suppose -621781 = 16*h - 1774517. List the prime factors of h.
2, 13, 17, 163
Let h(q) = -2*q + 14. Let g be h(7). Suppose -5*x = -o - o - 482, -2*x + 3*o + 195 = g. Suppose 2*m + 2*m - x = 0. List the prime factors of m.
2, 3
Let f(s) = 3946*s + 60. What are the prime factors of f(1)?
2, 2003
Suppose 36*o - 731467 = -67159. What are the prime factors of o?
3, 6151
Let p be (-12)/(-36) - 2/6. Suppose p = 4*k - 510 - 1110. What are the prime factors of k?
3, 5
Let f = 7260 - -5671. List the prime factors of f.
67, 193
Let q(x) = -209*x - 97. Suppose -3*f + 2 = -13, -f = 2*i + 5. What are the prime factors of q(i)?
2, 3, 79
Let d be (-165)/(-33)*(-9)/(-15). Let s(i) = 80*i - 6. Let w(v) = v + 1. Let o(j) = s(j) + 2*w(j). List the prime factors of o(d).
2, 11
Let h = 13370 + -7317. What are the prime factors of h?
6053
Suppose -11 = a - 3*v, -a - v = 1 - 6. Let h be (0 + (-4)/(-8) - a)*8. List the prime factors of h/(-2) + -4 - -48.
2, 23
Let z = 36565 - 15115. List the prime factors of z.
2, 3, 5, 11, 13
Suppose -i = 2*g - 1153, -g + 11 + 566 = i. Let y = 1155 - g. List the prime factors of y.
3, 193
Let l = 421 + -419. What are the prime factors of 4792/6*(5/l + -1)?
2, 599
Let m(p) = 252*p**2 + 7*p - 34. What are the prime factors of m(-9)?
5, 17, 239
Let b(k) = 979*k + 13226. What are the prime factors of b(28)?
2, 3, 13, 521
Suppose 2807 + 259 = 7*t. Suppose -m = y - t, 2*m + 1304 = 5*m - 2*y. List the prime factors of m.
2, 109
Suppose 8*t - 2*w - 24748 = 4*t, 3*w = -4*t + 24758. List the prime factors of t.
2, 7, 13, 17
Suppose -20 - 25 = -5*p. Suppose 0*t = 23*t + 27901 - 9754. List the prime factors of t/(-9) + 3/p.
2, 11
Suppose -17 = -5*f + 18. Suppose -671 - 323 = -f*m. Let q = m + -75. List the prime factors of q.
67
Let a be (-12 - -12)/(5 - 3). Suppose a = k - 0*k - 571. List the prime factors of k.
571
Suppose 0 = 333*o - 39*o - 16227382 + 3450142. List the prime factors of o.
2, 5, 41, 53
Suppose 5*j + 13 = 2*r - 29, 0 = -j + 4. Let d = 34 - r. Suppose -3*p + 2